{"id":22417,"date":"2019-12-16T18:22:11","date_gmt":"2019-12-16T18:22:11","guid":{"rendered":"https:\/\/cypripedium.at\/?page_id=22417"},"modified":"2020-01-09T16:53:31","modified_gmt":"2020-01-09T16:53:31","slug":"kontakt","status":"publish","type":"page","link":"https:\/\/cypripedium.at\/?page_id=22417","title":{"rendered":"Kontakt"},"content":{"rendered":"\n<h2 class=\"has-text-align-center\">Kontakt<\/h2>\n\n\n\n<hr class=\"wp-block-separator\"\/>\n\n\n\n<figure class=\"wp-block-image size-large\"><img decoding=\"async\" loading=\"lazy\" width=\"1024\" height=\"684\" src=\"https:\/\/cypripedium.at\/wp-content\/uploads\/2019\/12\/Syngonanthus-flavidulus-1024x684.jpg\" alt=\"\" class=\"wp-image-22418\" srcset=\"https:\/\/cypripedium.at\/wp-content\/uploads\/2019\/12\/Syngonanthus-flavidulus-1024x684.jpg 1024w, https:\/\/cypripedium.at\/wp-content\/uploads\/2019\/12\/Syngonanthus-flavidulus-600x401.jpg 600w, https:\/\/cypripedium.at\/wp-content\/uploads\/2019\/12\/Syngonanthus-flavidulus-300x200.jpg 300w, https:\/\/cypripedium.at\/wp-content\/uploads\/2019\/12\/Syngonanthus-flavidulus-768x513.jpg 768w, https:\/\/cypripedium.at\/wp-content\/uploads\/2019\/12\/Syngonanthus-flavidulus.jpg 1498w\" sizes=\"(max-width: 1024px) 100vw, 1024px\" \/><\/figure>\n\n\n\n<p>Z\u00f6gern Sie nicht uns bei Fragen zu kontaktieren! Hierzu verwenden Sie bitte&nbsp;folgende e-mail Adresse: cypripedium@aon.at<\/p>\n\n\n\n<h4>Impressum:<\/h4>\n\n\n\n<p><em><strong>In vitro<\/strong><\/em><strong>&nbsp;Orchids Raschun<br><\/strong>Gerhard Raschun jun.<br>Elsterweg 14<br>A-9161 Maria Rain<br>\u00d6sterreich<br>Tel.: 0650\/922 06 69<br>e-mail:&nbsp;<a href=\"mailto:cypripedium@aon.at\">cypripedium(et)aon.at<\/a><br>UID:&nbsp;Kleinunternehmer lt. USg. 94, \u00a7 6 Abs. 1 Z 27<br>Betriebsnummer ( LFBIS ) : 4536037&nbsp;<br>Gerichtsstand: Klagenfurt<\/p>\n\n\n\n<h4><strong>Inhalt<\/strong>:<\/h4>\n\n\n\n<p>Diese Seite wurde nach bestem Wissen erstellt und sorgf\u00e4ltig gepr\u00fcft. F\u00fcr die auf dieser Webseite publizierte Information kann kein Anspruch auf Vollst\u00e4ndigkeit, Aktualit\u00e4t und Richtigkeit erhoben werden. Es wird keine Verantwortung und Haftung f\u00fcr Sch\u00e4den \u00fcbernommen, die durch die Inhalte dieser Webseite entstehen.<\/p>\n\n\n\n<h4><strong>Copyright<\/strong><\/h4>\n\n\n\n<p>Der gesamte Inhalt dieser Webseite, einschlie\u00dflich Bilder, Texte und Dokumente sind unser Eigentum und unterliegt dem Copyright. Die Speicherung, der Abdruck, eine Weitergabe oder gar eine gewerbliche Nutzung (auch von Teilen daraus) sind ohne unsere schriftliche Einwilligung nicht gestattet &#8211; auch nicht in Newsgruppen, Online-Diensten, auf Webseiten oder Datentr\u00e4gern.<\/p>\n\n\n\n<h4><strong>Rechtliches<\/strong><\/h4>\n\n\n\n<p>F\u00fcr s\u00e4mtliche Links zu anderen Seiten im Internet gilt: Da wir keinen Einflu\u00df auf den Inhalt und der Gestaltung von gelinkten Seiten haben, distanzieren wir uns ausdr\u00fccklich von dem Inhalt gelinkter Seiten, sowie deren Unterseiten, Werbung etc.<br>Diese Erkl\u00e4rung ist g\u00fcltig f\u00fcr alle auf dieser Webseite angebrachten Links.<\/p>\n\n\n\n<figure class=\"wp-block-image size-large\"><img decoding=\"async\" loading=\"lazy\" width=\"1024\" height=\"683\" src=\"https:\/\/cypripedium.at\/wp-content\/uploads\/2019\/12\/Paeonia-mascula-ssp-mascula-Troodos-Cyprus-3-1024x683.jpg\" alt=\"\" class=\"wp-image-22419\" srcset=\"https:\/\/cypripedium.at\/wp-content\/uploads\/2019\/12\/Paeonia-mascula-ssp-mascula-Troodos-Cyprus-3-1024x683.jpg 1024w, https:\/\/cypripedium.at\/wp-content\/uploads\/2019\/12\/Paeonia-mascula-ssp-mascula-Troodos-Cyprus-3-600x400.jpg 600w, https:\/\/cypripedium.at\/wp-content\/uploads\/2019\/12\/Paeonia-mascula-ssp-mascula-Troodos-Cyprus-3-300x200.jpg 300w, https:\/\/cypripedium.at\/wp-content\/uploads\/2019\/12\/Paeonia-mascula-ssp-mascula-Troodos-Cyprus-3-768x512.jpg 768w, https:\/\/cypripedium.at\/wp-content\/uploads\/2019\/12\/Paeonia-mascula-ssp-mascula-Troodos-Cyprus-3.jpg 1500w\" sizes=\"(max-width: 1024px) 100vw, 1024px\" \/><\/figure>\n","protected":false},"excerpt":{"rendered":"<p>Kontakt Z\u00f6gern Sie nicht uns bei Fragen zu kontaktieren! Hierzu verwenden Sie bitte&nbsp;folgende e-mail Adresse: cypripedium@aon.at Impressum: In vitro&nbsp;Orchids RaschunGerhard Raschun jun.Elsterweg 14A-9161 Maria Rain\u00d6sterreichTel.: 0650\/922 06 69e-mail:&nbsp;cypripedium(et)aon.atUID:&nbsp;Kleinunternehmer lt. USg. 94, \u00a7 6 Abs. 1 Z 27Betriebsnummer ( LFBIS ) : 4536037&nbsp;Gerichtsstand: Klagenfurt Inhalt: Diese Seite wurde nach bestem Wissen erstellt und sorgf\u00e4ltig gepr\u00fcft. F\u00fcr [&hellip;]<\/p>\n","protected":false},"author":1,"featured_media":0,"parent":0,"menu_order":6,"comment_status":"closed","ping_status":"closed","template":"","meta":[],"_links":{"self":[{"href":"https:\/\/cypripedium.at\/index.php?rest_route=\/wp\/v2\/pages\/22417"}],"collection":[{"href":"https:\/\/cypripedium.at\/index.php?rest_route=\/wp\/v2\/pages"}],"about":[{"href":"https:\/\/cypripedium.at\/index.php?rest_route=\/wp\/v2\/types\/page"}],"author":[{"embeddable":true,"href":"https:\/\/cypripedium.at\/index.php?rest_route=\/wp\/v2\/users\/1"}],"replies":[{"embeddable":true,"href":"https:\/\/cypripedium.at\/index.php?rest_route=%2Fwp%2Fv2%2Fcomments&post=22417"}],"version-history":[{"count":2,"href":"https:\/\/cypripedium.at\/index.php?rest_route=\/wp\/v2\/pages\/22417\/revisions"}],"predecessor-version":[{"id":22448,"href":"https:\/\/cypripedium.at\/index.php?rest_route=\/wp\/v2\/pages\/22417\/revisions\/22448"}],"wp:attachment":[{"href":"https:\/\/cypripedium.at\/index.php?rest_route=%2Fwp%2Fv2%2Fmedia&parent=22417"}],"curies":[{"name":"wp","href":"https:\/\/api.w.org\/{rel}","templated":true}]}}